{"id":92,"date":"2022-04-09T02:29:21","date_gmt":"2022-04-09T02:29:21","guid":{"rendered":"https:\/\/gedasiolima.com\/?page_id=92"},"modified":"2022-04-09T02:29:21","modified_gmt":"2022-04-09T02:29:21","slug":"politica-de-privacidade","status":"publish","type":"page","link":"https:\/\/gedasiolima.com\/links\/politica-de-privacidade\/","title":{"rendered":"Politica de Privacidade"},"content":{"rendered":"\n<p>Pol\u00edtica de Privacidade<\/p>\n\n\n\n<p>Somos rigorosos em rela\u00e7\u00e3o aos nossos termos de privacidade e entendemos que voc\u00ea tamb\u00e9m o seja. Portanto, mantemos seus dados em absoluto sigilo. Por favor, reserve alguns minutos para ler os nossos procedimentos de privacidade de forma a se assegurar que estamos fornecendo o melhor servi\u00e7o poss\u00edvel.<\/p>\n\n\n\n<p>Cookies<\/p>\n\n\n\n<p>Usamos por vezes cookies para armazenar e monitorar informa\u00e7\u00f5es e prefer\u00eancias de seus usu\u00e1rios. Esses cookies nos permitem personalizar em termos visuais suas visitas ao nosso ambiente on-line, t\u00e3o logo voc\u00ea seja identificado. Al\u00e9m disso, podemos dessa forma monitorar seus acessos e entender o que voc\u00ea busca, quanto tempo fica em cada p\u00e1gina, dentre outras coisas importantes para sempre o atendermos da melhor forma poss\u00edvel.\u00a0<\/p>\n\n\n\n<p>A despeito da maioria dos navegadores de internet estarem inicialmente configurados para aceitar cookies, se voc\u00ea preferir pode negar seu armazenamento em disco r\u00edgido, utilizando alguma forma alternativa. Contudo, todos os usu\u00e1rios devem entender que \u00e1reas do ambiente gedasiolima.com e seus subdom\u00ednios est\u00e3o sujeitas a um funcionamento n\u00e3o otimizado neste caso.<\/p>\n\n\n\n<p>Envio de Dados<\/p>\n\n\n\n<p>Voc\u00ea n\u00e3o ser\u00e1 requisitado a informar nada al\u00e9m de seu nome, e-mail e celular para acessar o conte\u00fado do curso. Seus dados cadastrais, informados no momento da inscri\u00e7\u00e3o, permanecem em sigilo conosco e n\u00e3o ser\u00e3o trocados via e-mail em nenhuma hip\u00f3tese.<\/p>\n\n\n\n<p>Coleta de e-mail<\/p>\n\n\n\n<p>* Importante: O endere\u00e7o de e-mail informado deve ser v\u00e1lido para que voc\u00ea possa receber todos os conte\u00fados da s\u00e9rie gratuita. Os campos com * s\u00e3o obrigat\u00f3rios para conclus\u00e3o do formul\u00e1rio.<\/p>\n","protected":false},"excerpt":{"rendered":"<p>Pol\u00edtica de Privacidade Somos rigorosos em rela\u00e7\u00e3o aos nossos termos de privacidade e entendemos que voc\u00ea tamb\u00e9m o seja. Portanto, mantemos seus dados em absoluto sigilo. Por favor, reserve alguns minutos para ler os nossos procedimentos de privacidade de forma a se assegurar que estamos fornecendo o melhor servi\u00e7o poss\u00edvel. Cookies Usamos por vezes cookies [&hellip;]<\/p>\n","protected":false},"author":1,"featured_media":0,"parent":0,"menu_order":0,"comment_status":"closed","ping_status":"closed","template":"","meta":{"footnotes":""},"class_list":["post-92","page","type-page","status-publish","hentry"],"_links":{"self":[{"href":"https:\/\/gedasiolima.com\/links\/wp-json\/wp\/v2\/pages\/92","targetHints":{"allow":["GET"]}}],"collection":[{"href":"https:\/\/gedasiolima.com\/links\/wp-json\/wp\/v2\/pages"}],"about":[{"href":"https:\/\/gedasiolima.com\/links\/wp-json\/wp\/v2\/types\/page"}],"author":[{"embeddable":true,"href":"https:\/\/gedasiolima.com\/links\/wp-json\/wp\/v2\/users\/1"}],"replies":[{"embeddable":true,"href":"https:\/\/gedasiolima.com\/links\/wp-json\/wp\/v2\/comments?post=92"}],"version-history":[{"count":1,"href":"https:\/\/gedasiolima.com\/links\/wp-json\/wp\/v2\/pages\/92\/revisions"}],"predecessor-version":[{"id":93,"href":"https:\/\/gedasiolima.com\/links\/wp-json\/wp\/v2\/pages\/92\/revisions\/93"}],"wp:attachment":[{"href":"https:\/\/gedasiolima.com\/links\/wp-json\/wp\/v2\/media?parent=92"}],"curies":[{"name":"wp","href":"https:\/\/api.w.org\/{rel}","templated":true}]}}