{"id":73804,"date":"2025-07-04T16:21:46","date_gmt":"2025-07-04T16:21:46","guid":{"rendered":"https:\/\/gedasiolima.com\/?page_id=73804"},"modified":"2025-07-04T16:40:25","modified_gmt":"2025-07-04T16:40:25","slug":"mentoria-em-grupo-tks","status":"publish","type":"page","link":"https:\/\/gedasiolima.com\/links\/mentoria-em-grupo-tks\/","title":{"rendered":"Mentoria em Grupo &#8211; tks"},"content":{"rendered":"<p><img loading=\"lazy\" decoding=\"async\" width=\"800\" height=\"564\" src=\"https:\/\/gedasiolima.com\/wp-content\/uploads\/2025\/07\/Mockup-Google-ADS-10-1536x1082.png\" alt=\"\" srcset=\"https:\/\/gedasiolima.com\/wp-content\/uploads\/2025\/07\/Mockup-Google-ADS-10-1536x1082.png 1536w, https:\/\/gedasiolima.com\/wp-content\/uploads\/2025\/07\/Mockup-Google-ADS-10-300x211.png 300w, https:\/\/gedasiolima.com\/wp-content\/uploads\/2025\/07\/Mockup-Google-ADS-10-1024x721.png 1024w, https:\/\/gedasiolima.com\/wp-content\/uploads\/2025\/07\/Mockup-Google-ADS-10-768x541.png 768w, https:\/\/gedasiolima.com\/wp-content\/uploads\/2025\/07\/Mockup-Google-ADS-10.png 1920w\" sizes=\"auto, (max-width: 800px) 100vw, 800px\" \/><br \/>\n\t\t\t\t\t\t\tMaravilha! Entre no grupo de whatsapp\t\t\t\t\t\t<\/p>\n<p>\n\t\t\t\t\t\tAperte no bot\u00e3o e entre no grupo silenciado, no dia e hora marcada enviarei o link da sala para participar da mentoria. At\u00e9 l\u00e1! \t\t\t\t\t<\/p>\n<p>\t\t\t\t\t<a href=\"https:\/\/chat.whatsapp.com\/LUs4q2cRbUg4a23LM0vVDQ?mode=r_c\"><br \/>\n\t\t\t\t\t\t\t\t\tAperte e entre no grupo<br \/>\n\t\t\t\t\t<\/a><\/p>\n<p>A empresa SFT DIGITAL, portadora do CNPJ 27.267.096\/0001-05, n\u00e3o tem nenhuma rela\u00e7\u00e3o institucional com nenhuma rede social ou de entretenimento.Nossos produtos, sites, v\u00eddeos, palestras, programas ou outros conte\u00fados, tem o intuito de ajudar o neg\u00f3cio ou empres\u00e1rio, no entanto, a SFT DIGITAL n\u00e3o declara que ser\u00e1 obtido quaisquer resultados. D\u00favidas envie um email para: suporte@gedasiolima.com.<\/p>\n<p><b><strong><a href=\"https:\/\/gedasiolima.com\/politica-de-privacidade\/\">Pol\u00edticas de Privacidade<\/a><\/strong>\u00a0 \u00a0|<strong>\u00a0\u00a0<a href=\"https:\/\/gedasiolima.com\/termos-de-uso\/\">Termos de Uso<\/a><br \/><\/strong>\u00a9 2025 gedasiolima.com | Todos os Direitos Reservados<\/b><\/p>\n","protected":false},"excerpt":{"rendered":"<p>Maravilha! Entre no grupo de whatsapp Aperte no bot\u00e3o e entre no grupo silenciado, no dia e hora marcada enviarei o link da sala para participar da mentoria. At\u00e9 l\u00e1! Aperte e entre no grupo A empresa SFT DIGITAL, portadora do CNPJ 27.267.096\/0001-05, n\u00e3o tem nenhuma rela\u00e7\u00e3o institucional com nenhuma rede social ou de entretenimento.Nossos [&hellip;]<\/p>\n","protected":false},"author":1,"featured_media":0,"parent":0,"menu_order":0,"comment_status":"closed","ping_status":"closed","template":"elementor_canvas","meta":{"footnotes":""},"class_list":["post-73804","page","type-page","status-publish","hentry"],"_links":{"self":[{"href":"https:\/\/gedasiolima.com\/links\/wp-json\/wp\/v2\/pages\/73804","targetHints":{"allow":["GET"]}}],"collection":[{"href":"https:\/\/gedasiolima.com\/links\/wp-json\/wp\/v2\/pages"}],"about":[{"href":"https:\/\/gedasiolima.com\/links\/wp-json\/wp\/v2\/types\/page"}],"author":[{"embeddable":true,"href":"https:\/\/gedasiolima.com\/links\/wp-json\/wp\/v2\/users\/1"}],"replies":[{"embeddable":true,"href":"https:\/\/gedasiolima.com\/links\/wp-json\/wp\/v2\/comments?post=73804"}],"version-history":[{"count":10,"href":"https:\/\/gedasiolima.com\/links\/wp-json\/wp\/v2\/pages\/73804\/revisions"}],"predecessor-version":[{"id":73815,"href":"https:\/\/gedasiolima.com\/links\/wp-json\/wp\/v2\/pages\/73804\/revisions\/73815"}],"wp:attachment":[{"href":"https:\/\/gedasiolima.com\/links\/wp-json\/wp\/v2\/media?parent=73804"}],"curies":[{"name":"wp","href":"https:\/\/api.w.org\/{rel}","templated":true}]}}