{"id":634,"date":"2022-09-10T19:10:16","date_gmt":"2022-09-10T19:10:16","guid":{"rendered":"https:\/\/gedasiolima.com\/?page_id=634"},"modified":"2022-09-11T00:23:48","modified_gmt":"2022-09-11T00:23:48","slug":"pg-dominando-yt","status":"publish","type":"page","link":"https:\/\/gedasiolima.com\/links\/pg-dominando-yt\/","title":{"rendered":"PG dominando YT"},"content":{"rendered":"<style>\/*! elementor - v3.6.7 - 03-07-2022 *\/\n.elementor-heading-title{padding:0;margin:0;line-height:1}.elementor-widget-heading .elementor-heading-title[class*=elementor-size-]>a{color:inherit;font-size:inherit;line-height:inherit}.elementor-widget-heading .elementor-heading-title.elementor-size-small{font-size:15px}.elementor-widget-heading .elementor-heading-title.elementor-size-medium{font-size:19px}.elementor-widget-heading .elementor-heading-title.elementor-size-large{font-size:29px}.elementor-widget-heading .elementor-heading-title.elementor-size-xl{font-size:39px}.elementor-widget-heading .elementor-heading-title.elementor-size-xxl{font-size:59px}<\/style>\n<h2>Roda an\u00fancios em v\u00eddeo no Face Ads, mas n\u00e3o roda no YouTube Ads?<\/h2>\n<p><strong>Ent\u00e3o\u00a0aperte o play\u00a0e veja o v\u00eddeo<\/strong><\/p>\n<p>https:\/\/www.youtube.com\/watch?v=kJ_fIpYIPbw&#038;feature=emb_logo<\/p>\n<p>Por apenas<\/p>\n<h2>R$80<\/h2>\n<p>\t\t\t<a href=\"https:\/\/gedasiolima.com\/checkout-pe\" role=\"button\"><br \/>\n\t\t\t\t\t\tSIM! EU QUERO<br \/>\n\t\t\t\t\t<\/a><\/p>\n<h2>Veja o Que Est\u00e3o Falando:<\/h2>\n<style>\/*! elementor - v3.6.7 - 03-07-2022 *\/\n.elementor-widget-image{text-align:center}.elementor-widget-image a{display:inline-block}.elementor-widget-image a img[src$=\".svg\"]{width:48px}.elementor-widget-image img{vertical-align:middle;display:inline-block}<\/style>\n<p>\t\t\t\t\t\t\t\t\t\t\t\t<img decoding=\"async\" width=\"914\" height=\"1024\" src=\"https:\/\/gedasiolima.com\/wp-content\/uploads\/2022\/07\/photo_2022-07-13_15-28-28-914x1024.jpg\" alt=\"\" loading=\"lazy\" srcset=\"https:\/\/gedasiolima.com\/wp-content\/uploads\/2022\/07\/photo_2022-07-13_15-28-28-914x1024.jpg 914w, https:\/\/gedasiolima.com\/wp-content\/uploads\/2022\/07\/photo_2022-07-13_15-28-28-268x300.jpg 268w, https:\/\/gedasiolima.com\/wp-content\/uploads\/2022\/07\/photo_2022-07-13_15-28-28-768x860.jpg 768w, https:\/\/gedasiolima.com\/wp-content\/uploads\/2022\/07\/photo_2022-07-13_15-28-28-980x1098.jpg 980w, https:\/\/gedasiolima.com\/wp-content\/uploads\/2022\/07\/photo_2022-07-13_15-28-28-480x538.jpg 480w, https:\/\/gedasiolima.com\/wp-content\/uploads\/2022\/07\/photo_2022-07-13_15-28-28.jpg 1080w\" sizes=\"auto, (max-width: 914px) 100vw, 914px\" \/><br \/>\n\t\t\t\t\t\t\t\t\t\t\t\t\t\t\t<img decoding=\"async\" width=\"821\" height=\"1024\" src=\"https:\/\/gedasiolima.com\/wp-content\/uploads\/2022\/07\/photo_2022-07-13_15-28-27-821x1024.jpg\" alt=\"\" loading=\"lazy\" srcset=\"https:\/\/gedasiolima.com\/wp-content\/uploads\/2022\/07\/photo_2022-07-13_15-28-27-821x1024.jpg 821w, https:\/\/gedasiolima.com\/wp-content\/uploads\/2022\/07\/photo_2022-07-13_15-28-27-240x300.jpg 240w, https:\/\/gedasiolima.com\/wp-content\/uploads\/2022\/07\/photo_2022-07-13_15-28-27-768x958.jpg 768w, https:\/\/gedasiolima.com\/wp-content\/uploads\/2022\/07\/photo_2022-07-13_15-28-27-980x1223.jpg 980w, https:\/\/gedasiolima.com\/wp-content\/uploads\/2022\/07\/photo_2022-07-13_15-28-27-480x599.jpg 480w, https:\/\/gedasiolima.com\/wp-content\/uploads\/2022\/07\/photo_2022-07-13_15-28-27.jpg 1026w\" sizes=\"auto, (max-width: 821px) 100vw, 821px\" \/><br \/>\n\t\t\t\t\t\t\t\t\t\t\t\t\t\t\t<img decoding=\"async\" width=\"815\" height=\"1024\" src=\"https:\/\/gedasiolima.com\/wp-content\/uploads\/2022\/07\/photo_2022-07-13_15-28-30-815x1024.jpg\" alt=\"\" loading=\"lazy\" srcset=\"https:\/\/gedasiolima.com\/wp-content\/uploads\/2022\/07\/photo_2022-07-13_15-28-30-815x1024.jpg 815w, https:\/\/gedasiolima.com\/wp-content\/uploads\/2022\/07\/photo_2022-07-13_15-28-30-239x300.jpg 239w, https:\/\/gedasiolima.com\/wp-content\/uploads\/2022\/07\/photo_2022-07-13_15-28-30-768x965.jpg 768w, https:\/\/gedasiolima.com\/wp-content\/uploads\/2022\/07\/photo_2022-07-13_15-28-30-980x1231.jpg 980w, https:\/\/gedasiolima.com\/wp-content\/uploads\/2022\/07\/photo_2022-07-13_15-28-30-480x603.jpg 480w, https:\/\/gedasiolima.com\/wp-content\/uploads\/2022\/07\/photo_2022-07-13_15-28-30.jpg 1019w\" sizes=\"auto, (max-width: 815px) 100vw, 815px\" \/><br \/>\n\t\t\t\t\t\t\t\t\t\t\t\t\t\t\t<img decoding=\"async\" width=\"819\" height=\"1024\" src=\"https:\/\/gedasiolima.com\/wp-content\/uploads\/2022\/07\/WhatsApp-Image-2022-07-21-at-10.33.48-819x1024.jpeg\" alt=\"\" loading=\"lazy\" srcset=\"https:\/\/gedasiolima.com\/wp-content\/uploads\/2022\/07\/WhatsApp-Image-2022-07-21-at-10.33.48-819x1024.jpeg 819w, https:\/\/gedasiolima.com\/wp-content\/uploads\/2022\/07\/WhatsApp-Image-2022-07-21-at-10.33.48-240x300.jpeg 240w, https:\/\/gedasiolima.com\/wp-content\/uploads\/2022\/07\/WhatsApp-Image-2022-07-21-at-10.33.48-768x961.jpeg 768w, https:\/\/gedasiolima.com\/wp-content\/uploads\/2022\/07\/WhatsApp-Image-2022-07-21-at-10.33.48-980x1226.jpeg 980w, https:\/\/gedasiolima.com\/wp-content\/uploads\/2022\/07\/WhatsApp-Image-2022-07-21-at-10.33.48-480x600.jpeg 480w, https:\/\/gedasiolima.com\/wp-content\/uploads\/2022\/07\/WhatsApp-Image-2022-07-21-at-10.33.48.jpeg 1080w\" sizes=\"auto, (max-width: 819px) 100vw, 819px\" \/>\t\t\t\t\t\t\t\t\t\t\t\t\t\t\t<\/p>\n<h2>Tenha Acesso ao Cont\u00e9udo Por Apenas<\/h2>\n<h2>R$80<\/h2>\n<p>\t\t\t<a href=\"https:\/\/gedasiolima.com\/checkout-pe\" role=\"button\"><br \/>\n\t\t\t\t\t\tSIM! EU QUERO<br \/>\n\t\t\t\t\t<\/a><\/p>\n<h2>O Que Voc\u00ea Vai Aprender:<\/h2>\n<link rel=\"stylesheet\" href=\"https:\/\/gedasiolima.com\/wp-content\/plugins\/elementor\/assets\/css\/widget-icon-box.min.css\">\n<h3>\n\t\t\t\t\t\tPorque Voc\u00ea Deve Usar o YTAds Pra Ontem.<br \/>\n\t\t\t\t<\/h3>\n<p>\n\t\t\t\t\t\tPare de perder tempo e comece a faturar com o YouTube Ads.\u200b\t\t\t\t\t<\/p>\n<h3>\n\t\t\t\t\t\tComo Usar o YTAds da forma correta.<br \/>\n\t\t\t\t<\/h3>\n<p>\n\t\t\t\t\t\tComo fazer o YouTube Ads gerar convers\u00f5es.\t\t\t\t\t<\/p>\n<h3>\n\t\t\t\t\t\tComo Fazer as Configura\u00e7\u00f5es iniciais.<br \/>\n\t\t\t\t<\/h3>\n<p>\n\t\t\t\t\t\tVamos fazer o passo a passo das configura\u00e7\u00f5es.\t\t\t\t\t<\/p>\n<h3>\n\t\t\t\t\t\tComo Direcionar o YTAds Para Trazer o Lead Certo.<br \/>\n\t\t\t\t<\/h3>\n<p>\n\t\t\t\t\t\tFa\u00e7a o YT Ads acertar ao buscar o cliente.\t\t\t\t\t<\/p>\n<h3>\n\t\t\t\t\t\tQual a Estrutura B\u00e1sica Ideal Para Anunciar no YTAds.<br \/>\n\t\t\t\t<\/h3>\n<p>\n\t\t\t\t\t\tEntenda como deve ser o seu funil.\t\t\t\t\t<\/p>\n<h3>\n\t\t\t\t\t\tComo Otimizar as Campanhas no YTAds.<br \/>\n\t\t\t\t<\/h3>\n<p>\n\t\t\t\t\t\tO ponto mais importante do processo, otimizar a campanha.\t\t\t\t\t<\/p>\n<h2>O Que Voc\u00ea Vai Aprender:<\/h2>\n<h3>\n\t\t\t\t\t\tPorque Voc\u00ea Deve Usar o YTAds Pra Ontem.<br \/>\n\t\t\t\t<\/h3>\n<p>\n\t\t\t\t\t\tPare de perder tempo e comece a faturar com o YouTube Ads.\t\t\t\t\t<\/p>\n<h3>\n\t\t\t\t\t\tComo Usar o YTAds da forma correta.<br \/>\n\t\t\t\t<\/h3>\n<p>\n\t\t\t\t\t\tComo fazer o YouTube Ads gerar convers\u00f5es.\u200b\t\t\t\t\t<\/p>\n<h3>\n\t\t\t\t\t\tComo Fazer as Configura\u00e7\u00f5es iniciais.<br \/>\n\t\t\t\t<\/h3>\n<p>\n\t\t\t\t\t\tVamos fazer o passo a passo das configura\u00e7\u00f5es.\u200b\t\t\t\t\t<\/p>\n<h3>\n\t\t\t\t\t\tComo Direcionar o YTAds Para Trazer o Lead Certo.<br \/>\n\t\t\t\t<\/h3>\n<p>\n\t\t\t\t\t\tFa\u00e7a o YT Ads acertar ao buscar o cliente.\u200b\t\t\t\t\t<\/p>\n<h3>\n\t\t\t\t\t\tQual a Estrutura B\u00e1sica Ideal Para Anunciar no YTAds.<br \/>\n\t\t\t\t<\/h3>\n<p>\n\t\t\t\t\t\tEntenda como deve ser o seu funil.\u200b\t\t\t\t\t<\/p>\n<h3>\n\t\t\t\t\t\tComo Otimizar as Campanhas no YTAds.<br \/>\n\t\t\t\t<\/h3>\n<p>\n\t\t\t\t\t\tO ponto mais importante do processo, otimizar a campanha.\u200b\t\t\t\t\t<\/p>\n<h2>Aqui Est\u00e1 o Que Voc\u00ea Est\u00e1 Adquirindo:<\/h2>\n<p><strong>\u00a0Grava\u00e7\u00e3o da Aula \u2013\u00a0<\/strong>Nela eu mostro todo o potencial de escala do YouTube Ads e monto uma campanha do zero, em uma conta nova, desde as configura\u00e7\u00f5es at\u00e9 a campanha ficar ativa, al\u00e9m de mostrar como otimizar a campanha no YouTube Ads.<\/p>\n<p>\t\t\t\t\t\t\t\t\t\t\t\t\t\t\t<img decoding=\"async\" src=\"https:\/\/gedasiolima.com\/wp-content\/uploads\/2022\/07\/AnyConv.com__mokup-responsivo.webp\" title=\"AnyConv.com__mokup responsivo\" alt=\"AnyConv.com__mokup responsivo\" \/><br \/>\n\t\t\t\t\t\t\t\t\t\t\t\t\t\t\t<img decoding=\"async\" width=\"1024\" height=\"1024\" src=\"https:\/\/gedasiolima.com\/wp-content\/uploads\/2022\/07\/Selo-de-Garantia-de-7-Dias-PNG-Transparente-Sem-Fundo-1024x1024.png\" alt=\"\" loading=\"lazy\" srcset=\"https:\/\/gedasiolima.com\/wp-content\/uploads\/2022\/07\/Selo-de-Garantia-de-7-Dias-PNG-Transparente-Sem-Fundo-1024x1024.png 1024w, https:\/\/gedasiolima.com\/wp-content\/uploads\/2022\/07\/Selo-de-Garantia-de-7-Dias-PNG-Transparente-Sem-Fundo-300x300.png 300w, https:\/\/gedasiolima.com\/wp-content\/uploads\/2022\/07\/Selo-de-Garantia-de-7-Dias-PNG-Transparente-Sem-Fundo-150x150.png 150w, https:\/\/gedasiolima.com\/wp-content\/uploads\/2022\/07\/Selo-de-Garantia-de-7-Dias-PNG-Transparente-Sem-Fundo-768x769.png 768w, https:\/\/gedasiolima.com\/wp-content\/uploads\/2022\/07\/Selo-de-Garantia-de-7-Dias-PNG-Transparente-Sem-Fundo-1536x1536.png 1536w, https:\/\/gedasiolima.com\/wp-content\/uploads\/2022\/07\/Selo-de-Garantia-de-7-Dias-PNG-Transparente-Sem-Fundo-2048x2048.png 2048w, https:\/\/gedasiolima.com\/wp-content\/uploads\/2022\/07\/Selo-de-Garantia-de-7-Dias-PNG-Transparente-Sem-Fundo-1080x1081.png 1080w, https:\/\/gedasiolima.com\/wp-content\/uploads\/2022\/07\/Selo-de-Garantia-de-7-Dias-PNG-Transparente-Sem-Fundo-1280x1281.png 1280w, https:\/\/gedasiolima.com\/wp-content\/uploads\/2022\/07\/Selo-de-Garantia-de-7-Dias-PNG-Transparente-Sem-Fundo-980x981.png 980w, https:\/\/gedasiolima.com\/wp-content\/uploads\/2022\/07\/Selo-de-Garantia-de-7-Dias-PNG-Transparente-Sem-Fundo-480x480.png 480w\" sizes=\"auto, (max-width: 1024px) 100vw, 1024px\" \/>\t\t\t\t\t\t\t\t\t\t\t\t\t\t\t<\/p>\n<h2> Garantia de 7 Dias.<\/h2>\n<p><strong>Compre, veja a aula, aplique e teste por 7 dias! <\/strong>E se por acaso n\u00e3o gostar eu\u00a0devolvo seu investimento.<\/p>\n<h2>aproveite e comece hoje mesmo a rodar no youtube ads<\/h2>\n<p>\t\t\t<a href=\"https:\/\/gedasiolima.com\/checkout-pe\" role=\"button\"><br \/>\n\t\t\t\t\t\tSIM! EU QUERO<br \/>\n\t\t\t\t\t<\/a><\/p>\n<h2>Quem sou eu:<\/h2>\n<p>\t\t\t\t\t\t\t\t\t\t\t\t\t\t\t<img decoding=\"async\" width=\"1024\" height=\"1024\" src=\"https:\/\/gedasiolima.com\/wp-content\/uploads\/2022\/07\/gedasil-1024x1024.png\" alt=\"\" loading=\"lazy\" srcset=\"https:\/\/gedasiolima.com\/wp-content\/uploads\/2022\/07\/gedasil-1024x1024.png 1024w, https:\/\/gedasiolima.com\/wp-content\/uploads\/2022\/07\/gedasil-300x300.png 300w, https:\/\/gedasiolima.com\/wp-content\/uploads\/2022\/07\/gedasil-150x150.png 150w, https:\/\/gedasiolima.com\/wp-content\/uploads\/2022\/07\/gedasil-768x768.png 768w, https:\/\/gedasiolima.com\/wp-content\/uploads\/2022\/07\/gedasil-1536x1536.png 1536w, https:\/\/gedasiolima.com\/wp-content\/uploads\/2022\/07\/gedasil-1080x1080.png 1080w, https:\/\/gedasiolima.com\/wp-content\/uploads\/2022\/07\/gedasil-1280x1280.png 1280w, https:\/\/gedasiolima.com\/wp-content\/uploads\/2022\/07\/gedasil-980x980.png 980w, https:\/\/gedasiolima.com\/wp-content\/uploads\/2022\/07\/gedasil-480x480.png 480w, https:\/\/gedasiolima.com\/wp-content\/uploads\/2022\/07\/gedasil.png 1775w\" sizes=\"auto, (max-width: 1024px) 100vw, 1024px\" \/>\t\t\t\t\t\t\t\t\t\t\t\t\t\t\t<\/p>\n<p><strong>Gedasio Lima,<\/strong> Estrategista e Mentor de Neg\u00f3cios Digitais.<\/p>\n<p>J\u00e1 e <b>empreendedor digital <\/b>desde 2014, criador de alguns infoprodutos de sucesso, que j\u00e1 investiu alguns milh\u00f5es em trafego pago, SEO, Email marketing e Network.<\/p>\n<h2>tenha Acesso Imediato a aula &#8220;adeus faceads vem youtube ads&#8221;<\/p>\n<p>por apenas<\/h2>\n<h2>R$80<\/h2>\n<p>\t\t\t<a href=\"https:\/\/gedasiolima.com\/checkout-pe\" role=\"button\"><br \/>\n\t\t\t\t\t\tSIM! VOU FAZER O PIX AGORA<br \/>\n\t\t\t\t\t<\/a><\/p>\n<p>A empresa SFT DIGITAL, portadora do CNPJ 27.267.096\/0001-05, n\u00e3o tem nenhuma rela\u00e7\u00e3o institucional com nenhuma rede social ou de entretenimento.\u00a0<\/p>\n<p>Nossos produtos, sites, v\u00eddeos, palestras, programas ou outros conte\u00fados, tem o intuito de ajudar o neg\u00f3cio ou empres\u00e1rio, no entanto, a SFT DIGITAL n\u00e3o declara que ser\u00e1 obtido quaisquer resultados.<\/p>\n<p>D\u00favidas envie um email para:\u00a0<a href=\"mailto:suporte@gedasiolima.com.\">suporte@gedasiolima.com<\/a><\/p>\n<p><strong><a style=\"color: #fff;\" href=\"https:\/\/gedasiolima.com\/politica-de-privacidade\/\">Pol\u00edticas de Privacidade<\/a><\/strong>\u00a0 \u00a0|<strong> \u00a0<a style=\"color: #fff;\" href=\"https:\/\/gedasiolima.com\/termos-de-uso\/\">Termos de Uso<\/a><br \/><\/strong>\u00a9 2022 gedasiolima.com | Todos os Direitos Reservados<\/p>\n","protected":false},"excerpt":{"rendered":"<p>Roda an\u00fancios em v\u00eddeo no Face Ads, mas n\u00e3o roda no YouTube Ads? Ent\u00e3o\u00a0aperte o play\u00a0e veja o v\u00eddeo https:\/\/www.youtube.com\/watch?v=kJ_fIpYIPbw&#038;feature=emb_logo Por apenas R$80 SIM! EU QUERO Veja o Que Est\u00e3o Falando: Tenha Acesso ao Cont\u00e9udo Por Apenas R$80 SIM! EU QUERO O Que Voc\u00ea Vai Aprender: Porque Voc\u00ea Deve Usar o YTAds Pra Ontem. Pare [&hellip;]<\/p>\n","protected":false},"author":1,"featured_media":0,"parent":0,"menu_order":0,"comment_status":"closed","ping_status":"closed","template":"elementor_canvas","meta":{"footnotes":""},"class_list":["post-634","page","type-page","status-publish","hentry"],"_links":{"self":[{"href":"https:\/\/gedasiolima.com\/links\/wp-json\/wp\/v2\/pages\/634","targetHints":{"allow":["GET"]}}],"collection":[{"href":"https:\/\/gedasiolima.com\/links\/wp-json\/wp\/v2\/pages"}],"about":[{"href":"https:\/\/gedasiolima.com\/links\/wp-json\/wp\/v2\/types\/page"}],"author":[{"embeddable":true,"href":"https:\/\/gedasiolima.com\/links\/wp-json\/wp\/v2\/users\/1"}],"replies":[{"embeddable":true,"href":"https:\/\/gedasiolima.com\/links\/wp-json\/wp\/v2\/comments?post=634"}],"version-history":[{"count":4,"href":"https:\/\/gedasiolima.com\/links\/wp-json\/wp\/v2\/pages\/634\/revisions"}],"predecessor-version":[{"id":639,"href":"https:\/\/gedasiolima.com\/links\/wp-json\/wp\/v2\/pages\/634\/revisions\/639"}],"wp:attachment":[{"href":"https:\/\/gedasiolima.com\/links\/wp-json\/wp\/v2\/media?parent=634"}],"curies":[{"name":"wp","href":"https:\/\/api.w.org\/{rel}","templated":true}]}}